56898082 a composite number?
True
Is 389539439 a composite number?
True
Is 53442884171 a prime number?
True
Is 1413916313 prime?
True
Is 6894971481 prime?
False
Is 39746827987 prime?
True
Is 3211661573 composite?
True
Is 38942698071 composite?
True
Is 4115845429 a composite number?
True
Is 356074699 prime?
True
Is 49853353531 a prime number?
True
Is 982706897 composite?
False
Is 150668809 a prime number?
False
Is 16734626549 prime?
False
Is 6744292579 composite?
False
Is 5691672057 composite?
True
Is 6191968201 prime?
True
Is 169961957 prime?
False
Is 1569213073 prime?
True
Is 870558721 prime?
False
Is 21915965833 a composite number?
False
Is 12891782837 composite?
True
Is 514656467 a prime number?
False
Is 554145001 composite?
False
Is 3039838631 a prime number?
False
Is 12733738 a composite number?
True
Is 159887683 a prime number?
True
Is 797502399 a prime number?
False
Is 76414160701 a prime number?
False
Is 5565818393 a composite number?
True
Is 1394869081 a prime number?
True
Is 114284085559 composite?
True
Is 98233721 a prime number?
True
Is 7319333253 a composite number?
True
Is 21197372827 prime?
False
Is 1452370883 composite?
False
Is 40032742909 composite?
False
Is 513312389 prime?
True
Is 15769032693 a composite number?
True
Is 156893729 a composite number?
False
Is 299587151 composite?
False
Is 10260197 a prime number?
False
Is 60633518887 composite?
False
Is 8880137719 composite?
True
Is 3692191201 a composite number?
True
Is 3846574013 a composite number?
False
Is 341950993181 composite?
True
Is 1821887147 a composite number?
False
Is 17161781279 a composite number?
True
Is 139274879 a prime number?
True
Is 478180537 a prime number?
False
Is 968983201 prime?
True
Is 612176747231 a prime number?
False
Is 25065342619 prime?
True
Is 277611067 a composite number?
False
Is 355647442 composite?
True
Is 1446932447 a composite number?
False
Is 5517461011 a composite number?
False
Is 3143446451 a composite number?
False
Is 43997381 a composite number?
True
Is 407297714 a composite number?
True
Is 167280329 a prime number?
True
Is 1401716357 a composite number?
True
Is 1954482059 prime?
False
Is 3258704521 a composite number?
True
Is 1959416021 a prime number?
False
Is 22557209 composite?
True
Is 590799101 prime?
True
Is 25479142313 a prime number?
False
Is 576574657 a prime number?
False
Is 1902786547 a composite number?
True
Is 41964253 composite?
True
Is 2142597097 a composite number?
False
Is 900046153 composite?
False
Is 80845564789 composite?
True
Is 58458197059 composite?
True
Is 6444907915 composite?
True
Is 23255779405 a prime number?
False
Is 18204373987 a composite number?
True
Is 111969368333 a prime number?
True
Is 4171853561 composite?
False
Is 520599479 a prime number?
True
Is 602554193 prime?
True
Is 41004797 prime?
False
Is 5748264303 a composite number?
True
Is 13084466657 a composite number?
True
Is 22758234163 prime?
False
Is 469038461 prime?
True
Is 8977121 a composite number?
True
Is 361998239 a prime number?
True
Is 2502646141 prime?
False
Is 66011143321 prime?
True
Is 70934533 composite?
False
Is 7704761107 a composite number?
False
Is 5820237193 a prime number?
False
Is 2378493547 a composite number?
True
Is 19748830393 prime?
False
Is 1288709945 a prime number?
False
Is 173176087847 composite?
True
Is 930592843 a prime number?
True
Is 12410988607 prime?
False
Is 6365963407 prime?
True
Is 12447923461 a composite number?
False
Is 741635827 a composite number?
False
Is 1074886303 a prime number?
True
Is 4027860862 prime?
False
Is 443309351 prime?
True
Is 1569964180045 a composite number?
True
Is 571523419 a composite number?
True
Is 1461255797 prime?
True
Is 42783492517 a composite number?
False
Is 1686324043 prime?
False
Is 6238382927 a composite number?
True
Is 109225881133 a composite number?
True
Is 29116439951 a composite number?
False
Is 2720526394 a prime number?
False
Is 32410157239 composite?
True
Is 1913980493 composite?
True
Is 1877915029 a prime number?
True
Is 1111318729 a composite number?
False
Is 183996103 a prime number?
False
Is 33071969963 a prime number?
True
Is 1288285099 prime?
True
Is 68331607 composite?
True
Is 219469889 a composite number?
False
Is 6174715549 a composite number?
True
Is 13901618091 a composite number?
True
Is 4867041259 composite?
True
Is 7301414641 prime?
True
Is 102304523 prime?
True
Is 2775078901 a prime number?
False
Is 1684030919 a composite number?
True
Is 206681707 prime?
True
Is 37836215237 prime?
True
Is 16223721061 composite?
True
Is 2621662691 prime?
True
Is 2196782737 a composite number?
True
Is 1397431753 a prime number?
True
Is 5805809 a composite number?
False
Is 17845219 a composite number?
True
Is 110870267 prime?
True
Is 17290782451 composite?
False
Is 2676573281 a composite number?
False
Is 190606932077 composite?
True
Is 5849229341 composite?
True
Is 1828999577 composite?
True
Is 87553969 a prime number?
True
Is 980530741 a prime number?
True
Is 8006385329 prime?
True
Is 15907327663 a composite number?
True
Is 192041257 a composite number?
True
Is 15552085 a composite number?
True
Is 437526005393 prime?
True
Is 6016318291 composite?
False
Is 2999812349 prime?
False
Is 738049717 a composite number?
False
Is 2745933451 a composite number?
True
Is 2531361169 a prime number?
False
Is 187505557 a prime number?
True
Is 1731600329 a prime number?
True
Is 172090498513 a composite number?
False
Is 2056122671 a composite number?
True
Is 1597769603 composite?
True
Is 746690801 composite?
False
Is 37812503 composite?
False
Is 653917373 a composite number?
True
Is 2039366135 composite?
True
Is 6416122241 composite?
False
Is 1516892291 a prime number?
True
Is 19028796137 prime?
False
Is 1218715237 composite?
True
Is 4148024477 a composite number?
False
Is 2661265319 composite?
False
Is 847771919 composite?
True
Is 2541418811 a prime number?
True
Is 191003606555 prime?
False
Is 6747443 prime?
False
Is 352526831 prime?
True
Is 58822181609 composite?
False
Is 1875115777 prime?
False
Is 2650745317 a prime number?
False
Is 298587281 a composite number?
False
Is 113266348567 prime?
True
Is 12411044449 a prime number?
True
Is 66664095349 a composite number?
False
Is 35941806115 a prime number?
False
Is 25660494661 a prime number?
True
Is 19644836071 prime?
False
Is 53087966939 a composite number?
True
Is 2995645449 composite?
True
Is 918125651 a prime number?
True
Is 3888787543 a prime number?
True
Is 49470186989 a composite number?
True
Is 40794427 prime?
True
Is 1492364491 a prime number?
False
Is 517451577 a prime number?
False
Is 24352228685 prime?
False
Is 299024137 a composite number?
True
Is 150561574129 a composite number?
True
Is 4258817239 a composite number?
True
Is 136899118 a prime number?
False
Is 99456229711 prime?
True
Is 1904404849 prime?
False
Is 2118044207 a prime number?
True
Is 285579323 prime?
True
Is 5880656051 a composite number?
False
Is 47273798287 a prime number?
True
Is 238044649 a composite number?
False
Is 585904651 a prime number?
False
Is 24771267101 a prime number?
False
Is 803225287 composite?
True
Is 1915606339 a composite number?
True
Is 100102183897 prime?
True
Is 88946265047 composite?
False
Is 256524007 composite?
True
Is 970846901 a composite number?
True
Is 7864455127 a composite number?
False
Is 696214507 a composite number?
False
Is 2746348105 composite?
True
Is 1211565067 a prime number?
True
Is 12299188049 prime?
False
Is 669360233 a composite number?
False
Is 6176544979 a composite number?
True
Is 16894038089 a composite number?
True
Is 4103706049 a composite number?
False
Is 31094089307 a composite number?
True
Is 13746410411 a composite number?
False
Is 243931603 a prime number?
True
Is 632691467 prime?
True
Is 186011941 prime?
False
Is 1535182927 composite?
True
Is 9257470763 a composite number?
False
Is 17032571311 composite?
True
Is 9851393093 composite?
False
Is 27101135153 composite?
False
Is 8367703693 a prime number?
False
Is 4137922093 prime?
False
Is 448076663 a prime number?
False
Is 5944601669 a composite number?
False
Is 12769043117 a composite number?
False
Is 722458931 prime?
False
Is 49516417 composite?
True
Is 187250689 prime?
True
Is 2901301181 a prime number?
True
Is 591050671 composite?
True
Is 797606609 